g(h) = -8*h + 7. Let o be ((-4)/4)/((-1)/(-6)). Let p be g(o). What is the greatest common factor of 11 and p?
11
Suppose -2*r + 3 = -21. Suppose -6*a + 78 - 30 = 0. Calculate the highest common factor of r and a.
4
Let j = 4 - -27. Calculate the greatest common factor of j and 248.
31
Suppose -4*b = b - 210. What is the greatest common divisor of b and 6?
6
Suppose 21 = z - 7. What is the greatest common divisor of 84 and z?
28
Let b be 9/(22/8 + -2). What is the highest common divisor of b and 228?
12
Let r be ((-16)/(-4) - 0) + 167. Calculate the greatest common factor of r and 19.
19
Let y be (8*1)/(6/36). What is the greatest common factor of y and 6?
6
Let o(c) = -c**2 - 7*c - 4. Let x be o(-6). Suppose 7*v - 45 = x*v. What is the highest common divisor of 45 and v?
9
Let m(v) = v**3 - 5*v**2 - 1. Let k be m(5). Let b be k + 1/2*194. What is the greatest common factor of 12 and b?
12
Let t be (36/(-10))/((-9)/120). Let i(f) = -3*f. Let l be i(-1). Let j be (2/4)/(l/36). What is the highest common divisor of t and j?
6
Let t(c) = -4*c**2 + 38*c + 22. Let w be t(9). Calculate the highest common factor of w and 160.
40
Let m be 2 + (2 - (-58)/2). Calculate the highest common factor of m and 11.
11
Suppose 68 = l - 0*l - 4*u, -126 = -2*l + 3*u. What is the greatest common divisor of 12 and l?
12
Let t = 29 + -17. Suppose j + 2*z = 2*j - 2, -4*z + 14 = j. Calculate the greatest common divisor of j and t.
6
Let z(a) = -12*a**3 + a**2 + a + 1. Suppose s - 3 = -2*c + 4, -4*c = 3*s - 13. Let w be z(s). Calculate the greatest common divisor of 13 and w.
13
Let m(l) be the second derivative of -l**5/10 - 5*l**4/12 - 2*l**3/3 + l**2/2 - 5*l. Let j be m(-3). Calculate the greatest common factor of j and 11.
11
Suppose 36 - 10 = b. What is the highest common factor of b and 65?
13
Let f(k) = -3*k**3 - 2*k**2 + k - 3. Let r be f(-3). Suppose 3*j = r + 6. Let q be 20/(((-12)/j)/(-2)). What is the highest common divisor of 14 and q?
14
Suppose -3*b + 286 = -t, 2*t = -4*b - 2*t + 392. Suppose 0 = 4*n - n - b. Calculate the greatest common divisor of n and 48.
16
Suppose 3*n - 43 = -5*i, 3*n + 3*i - 49 = 4*i. Suppose 22*f + 34*f - 8064 = 0. What is the greatest common divisor of n and f?
16
Let x(a) = 31*a**2 - 1. Let s be x(1). What is the highest common factor of 20 and s?
10
Let t = 2 + -3. Let l be -1 - -1 - (0 + t). Suppose 4*z - 3*z = l. What is the highest common divisor of z and 3?
1
Let z(p) = 11*p**3 + 2*p**2 - 1. Let o be z(-1). Let a = o - -16. Let g be (26/4 + -2)*a. What is the highest common factor of 9 and g?
9
Let s = -77 + -91. Let u be s/(-9) + 4/(-6). What is the highest common factor of 9 and u?
9
Suppose -26 = -6*l + 4*l. Let a(r) = 57*r + 2. Let c be a(2). Suppose -5*j + c = -404. What is the greatest common factor of l and j?
13
Suppose -2*l = l + 6. Let n be (-34)/(-8) - l/(-8). Calculate the greatest common divisor of 8 and n.
4
Let w = 5 - -1. Suppose 4*m - w = j, -5*m + 1 = -24. Let o = 16 - 2. What is the highest common factor of j and o?
14
Let l(w) = -w - 5. Let x be l(9). Let q be 8/12 + x/(-6). What is the greatest common factor of 12 and q?
3
Let w be 58*(175/10)/7. What is the greatest common factor of w and 29?
29
Suppose h + 2*d - 37 = 0, 4*h - h = -3*d + 108. Calculate the greatest common factor of 10 and h.
5
Let f = 14 - -50. Suppose -4*w + f = -48. Suppose -3*h - w = -103. Calculate the highest common divisor of 10 and h.
5
Suppose 67 = -4*u + 171. Suppose 5*r - 4*m - 62 = 121, -3*r - 5*m + 132 = 0. What is the greatest common divisor of u and r?
13
Let b = 7 - 2. Let y(n) = 2*n + n - 2*n + b*n**2. Let u be y(4). Calculate the highest common divisor of 12 and u.
12
Let a be (-3698)/11 + 10/55. Suppose 3*z = -0*z - 447. Let v = z - a. What is the highest common factor of 17 and v?
17
Suppose i + 0*i - 4 = 0. Let g be (-2)/(-9) + (-136)/(-36). Suppose 0 = 5*p + 4*s - 125, 0*p + g*p - i*s = 100. Calculate the highest common divisor of 5 and p.
5
Suppose 3*c - 4*s - 108 = 0, -5*c - 3*s + 229 - 78 = 0. Suppose -3*g - 23 = -2*q + 9, 0 = 2*q + 4*g - 32. Calculate the highest common divisor of c and q.
16
Suppose 5*y = 2*y + 72. Suppose -5*w + 13 = 38. Let z be w*(y/5)/(-4). What is the greatest common factor of z and 6?
6
Let x = -3 - -8. Let y = x + 10. Suppose -2*m + 3*m = y. Calculate the highest common divisor of m and 150.
15
Let z = 1 + 2. Let v be (-32)/z*9/(-6). Calculate the greatest common divisor of 112 and v.
16
Suppose -3*l + 15 = -0*l. Suppose 0 = -k - 5*k. Suppose 5*b - 4*s = -0*s + 204, k = 2*b + 4*s - 76. What is the highest common divisor of b and l?
5
Let y be 1/3*(3 + 78). Let h = y + 2. Calculate the highest common factor of h and 232.
29
Let a be ((-3)/(-6))/((-2)/(-168)). Calculate the greatest common divisor of 21 and a.
21
Let w = 287 - 155. Let r(v) = v + 6. Let y be r(-6). Let k = y - -12. What is the greatest common factor of k and w?
12
Suppose -i = i - 36. What is the greatest common divisor of 54 and i?
18
Suppose 0 = 4*g + m + 1, 2*g - 5*g - m = 1. Let f be 4/4*(0 + g). Let o be 1 + -1 + 60 + f. Calculate the greatest common divisor of o and 24.
12
Suppose -4*k = 2*v - 2*k - 60, 3*k = 0. Suppose -2*d = 3*d - 50. What is the highest common factor of d and v?
10
Let c = -13 - -31. What is the highest common factor of c and 18?
18
Let u(o) = 7*o**3 - 2*o**2 + 3*o - 1. Let q be u(2). Suppose -4*s = -7 - q. Suppose -2*n + 30 = n. Calculate the highest common divisor of n and s.
5
Suppose -15 = -3*c + 120. Let s be 3 - (-2 - -1) - -11. What is the greatest common divisor of s and c?
15
Let s(x) = x**3 + 5*x**2 - 5*x - 5. Let y be s(-5). Let n = y - 5. What is the highest common divisor of 6 and n?
3
Suppose 40 = 4*r - 4*t, t - 8 = -2*r - t. Calculate the greatest common factor of r and 7.
7
Let v be (-3230)/(-51) - (-1)/(-3). Let b(y) = 10*y - 1. Suppose -3*j = -0 - 3. Let s be b(j). Calculate the greatest common factor of s and v.
9
Let l(k) = 2*k - 4. Let a = -9 - -14. Let f be l(a). Suppose 0 = 2*n + n - f. What is the greatest common factor of n and 4?
2
Let b be ((-6)/(-10))/(2/10). Let l = 38 - b. Calculate the highest common factor of 7 and l.
7
Let o(m) = m**3 - 5*m**2 + 20*m + 16. Let v be o(9). Calculate the highest common divisor of v and 65.
65
Suppose 9 = 3*x - d, x + d + 5 = 3*x. Let r = -6 - -22. What is the highest common factor of x and r?
4
Let l(y) = -y + 2. Let b be l(7). Let t be b/(-2) + 3/(-6). Suppose 29 - 7 = t*v. Calculate the greatest common divisor of 33 and v.
11
Let w be (-4 - ((-5)/5 + 1))*-8. Let m(i) = -i**3 - 3*i**2 + i + 4. Let x be m(-4). Calculate the greatest common factor of x and w.
16
Let a(c) be the second derivative of -5*c**3/6 - 9*c**2/2 - 2*c. Let y be a(-7). Let b = 108 + -69. What is the highest common divisor of b and y?
13
Let p(j) = j**3 + 6*j**2 - 4*j - 4. Let q be p(-8). Let z = -177 - -122. Let s = z - q. What is the highest common factor of s and 18?
9
Let m(l) = l - 1. Let v be m(10). Calculate the highest common factor of 99 and v.
9
Suppose 3*u = 3 + 12. Suppose -u*g + 5*y = -85, -4*g - 2*y + 41 = -g. Suppose n - 2*n + g = 0. What is the greatest common factor of n and 90?
15
Suppose 228 = 5*p + o - 222, 0 = -4*o. What is the highest common divisor of p and 10?
10
Let n be (-13*3 + -1)/(-1). Let q be (-1)/(-4)*-2*-40. What is the highest common factor of n and q?
20
Let j be (-404)/(-10) - 8/20. Calculate the highest common divisor of 20 and j.
20
Let j = 1 - 0. Suppose 0 = -4*c - 3 - j. Let r be 2 + (-1)/c*46. Calculate the highest common divisor of r and 8.
8
Suppose 3*x + 340 = 5*j + x, 3*j + 5*x - 235 = 0. Calculate the greatest common factor of j and 10.
10
Let k be 26*(5/2)/5. What is the greatest common divisor of k and 1?
1
Let u = 122 + -67. Let p(l) = -l + 10. Let k be p(5). Let w = k + 17. What is the greatest common factor of w and u?
11
Let s(q) = q**2 - 5*q - 2. Let d be s(6). Calculate the greatest common factor of 4 and d.
4
Let u = -38 - -56. Let x = 22 - u. What is the greatest common divisor of x and 8?
4
Suppose 3*w = -12 + 30. Let m(o) be the first derivative of 4*o**2 - 2*o + 1. Let c be m(4). Calculate the highest common factor of w and c.
6
Let y = -17 + 28. Let c = -9 + y. Let n be 95/(-2 - (-6)/c). What is the